{"id":478,"date":"2020-04-27T15:47:14","date_gmt":"2020-04-27T19:47:14","guid":{"rendered":"https:\/\/creativosbyhand.com\/index.php\/banderolas\/"},"modified":"2020-04-28T01:40:12","modified_gmt":"2020-04-28T05:40:12","slug":"banderolas","status":"publish","type":"page","link":"https:\/\/creativosbyhand.com\/index.php\/banderolas\/","title":{"rendered":"Banderolas"},"content":{"rendered":"<p style=\"text-align: center;\"><!-- default-view.php -->\n<div\n\tclass=\"ngg-galleryoverview default-view  ngg-ajax-pagination-none\"\n\tid=\"ngg-gallery-d3a25f93faddfdef39b94b108feda4ad-1\">\n\n\t\t<!-- Thumbnails -->\n\t\t\t\t<div id=\"ngg-image-0\" class=\"ngg-gallery-thumbnail-box ngg-5-columns\" >\n\t\t\t\t        <div class=\"ngg-gallery-thumbnail\">\n            <a href=\"https:\/\/creativosbyhand.com\/wp-content\/gallery\/banderolas\/Screenshot_20190311-134247_Gmail.jpg\"\n               title=\"\"\n               data-src=\"https:\/\/creativosbyhand.com\/wp-content\/gallery\/banderolas\/Screenshot_20190311-134247_Gmail.jpg\"\n               data-thumbnail=\"https:\/\/creativosbyhand.com\/wp-content\/gallery\/banderolas\/thumbs\/thumbs_Screenshot_20190311-134247_Gmail.jpg\"\n               data-image-id=\"6\"\n               data-title=\"Banderolas Publicitarias\"\n               data-description=\"\"\n               data-image-slug=\"screenshot_20190311-134247_gmail\"\n               class=\"ngg-simplelightbox\" rel=\"d3a25f93faddfdef39b94b108feda4ad\">\n                <img\n                    title=\"Banderolas Publicitarias\"\n                    alt=\"Banderolas Publicitarias\"\n                    src=\"https:\/\/creativosbyhand.com\/wp-content\/gallery\/banderolas\/thumbs\/thumbs_Screenshot_20190311-134247_Gmail.jpg\"\n                    width=\"240\"\n                    height=\"160\"\n                    style=\"max-width:100%;\"\n                \/>\n            <\/a>\n        <\/div>\n\t\t\t\t\t\t\t<\/div> \n\t\t\t\n\t\n\t<br style=\"clear: both\" \/>\n\n\t\n\t\t<!-- Pagination -->\n\t<div class='ngg-clear'><\/div>\t<\/div>\n<\/p>\n\n\n<h2 class=\"wp-block-heading\">Banderolas publicitarias<\/h2>\n\n\n\n<p>Las banderolas tienen muchas funciones, claramente una de ellas es llamar la atenci\u00f3n de tu p\u00fablico, podr\u00e1s mostrar en exteriores, el viento ser\u00e1 tu aliado, el cual mover\u00e1 tu publicidad llamando la atenci\u00f3n de tu p\u00fablico. <\/p>\n\n\n\n<p>Puedes imprimir sobre las banderolas tu publicidad, mostrando tus productos o servicios con gran estilo y modernidad. \u00bfComenzamos?<\/p>\n","protected":false},"excerpt":{"rendered":"<p>Banderolas publicitarias Las banderolas tienen muchas funciones, claramente una de ellas es llamar la atenci\u00f3n de tu p\u00fablico, podr\u00e1s mostrar en exteriores, el viento ser\u00e1 tu<span class=\"excerpt-hellip\"> [\u2026]<\/span><\/p>\n","protected":false},"author":1,"featured_media":0,"parent":0,"menu_order":0,"comment_status":"closed","ping_status":"closed","template":"","meta":{"ngg_post_thumbnail":0,"footnotes":""},"aioseo_notices":[],"yoast_head":"<!-- This site is optimized with the Yoast SEO plugin v21.3 - https:\/\/yoast.com\/wordpress\/plugins\/seo\/ -->\n<title>Banderolas &#171; Creativos by Hand Choys<\/title>\n<meta name=\"description\" content=\"Las banderolas tienen muchas funciones, claramente una de ellas es llamar la atenci\u00f3n de tu p\u00fablico, podr\u00e1s mostrar en exteriores, el viento ser\u00e1 tu aliado.\" \/>\n<meta name=\"robots\" content=\"index, follow, max-snippet:-1, max-image-preview:large, max-video-preview:-1\" \/>\n<link rel=\"canonical\" href=\"https:\/\/creativosbyhand.com\/index.php\/banderolas\/\" \/>\n<meta property=\"og:locale\" content=\"es_ES\" \/>\n<meta property=\"og:type\" content=\"article\" \/>\n<meta property=\"og:title\" content=\"Banderolas &#171; Creativos by Hand Choys\" \/>\n<meta property=\"og:description\" content=\"Las banderolas tienen muchas funciones, claramente una de ellas es llamar la atenci\u00f3n de tu p\u00fablico, podr\u00e1s mostrar en exteriores, el viento ser\u00e1 tu aliado.\" \/>\n<meta property=\"og:url\" content=\"https:\/\/creativosbyhand.com\/index.php\/banderolas\/\" \/>\n<meta property=\"og:site_name\" content=\"Creativos by Hand Choys\" \/>\n<meta property=\"article:publisher\" content=\"https:\/\/www.facebook.com\/Creativosbyhand\" \/>\n<meta property=\"article:modified_time\" content=\"2020-04-28T05:40:12+00:00\" \/>\n<meta name=\"twitter:card\" content=\"summary_large_image\" \/>\n<script type=\"application\/ld+json\" class=\"yoast-schema-graph\">{\"@context\":\"https:\/\/schema.org\",\"@graph\":[{\"@type\":\"WebPage\",\"@id\":\"https:\/\/creativosbyhand.com\/index.php\/banderolas\/\",\"url\":\"https:\/\/creativosbyhand.com\/index.php\/banderolas\/\",\"name\":\"Banderolas &#171; Creativos by Hand Choys\",\"isPartOf\":{\"@id\":\"https:\/\/creativosbyhand.com\/#website\"},\"datePublished\":\"2020-04-27T19:47:14+00:00\",\"dateModified\":\"2020-04-28T05:40:12+00:00\",\"description\":\"Las banderolas tienen muchas funciones, claramente una de ellas es llamar la atenci\u00f3n de tu p\u00fablico, podr\u00e1s mostrar en exteriores, el viento ser\u00e1 tu aliado.\",\"breadcrumb\":{\"@id\":\"https:\/\/creativosbyhand.com\/index.php\/banderolas\/#breadcrumb\"},\"inLanguage\":\"es\",\"potentialAction\":[{\"@type\":\"ReadAction\",\"target\":[\"https:\/\/creativosbyhand.com\/index.php\/banderolas\/\"]}]},{\"@type\":\"BreadcrumbList\",\"@id\":\"https:\/\/creativosbyhand.com\/index.php\/banderolas\/#breadcrumb\",\"itemListElement\":[{\"@type\":\"ListItem\",\"position\":1,\"name\":\"Portada\",\"item\":\"https:\/\/creativosbyhand.com\/\"},{\"@type\":\"ListItem\",\"position\":2,\"name\":\"Banderolas\"}]},{\"@type\":\"WebSite\",\"@id\":\"https:\/\/creativosbyhand.com\/#website\",\"url\":\"https:\/\/creativosbyhand.com\/\",\"name\":\"Creativos by hand choys\",\"description\":\"Creativos by hand choys - Todo en publicidad\",\"potentialAction\":[{\"@type\":\"SearchAction\",\"target\":{\"@type\":\"EntryPoint\",\"urlTemplate\":\"https:\/\/creativosbyhand.com\/?s={search_term_string}\"},\"query-input\":\"required name=search_term_string\"}],\"inLanguage\":\"es\"}]}<\/script>\n<!-- \/ Yoast SEO plugin. -->","yoast_head_json":{"title":"Banderolas &#171; Creativos by Hand Choys","description":"Las banderolas tienen muchas funciones, claramente una de ellas es llamar la atenci\u00f3n de tu p\u00fablico, podr\u00e1s mostrar en exteriores, el viento ser\u00e1 tu aliado.","robots":{"index":"index","follow":"follow","max-snippet":"max-snippet:-1","max-image-preview":"max-image-preview:large","max-video-preview":"max-video-preview:-1"},"canonical":"https:\/\/creativosbyhand.com\/index.php\/banderolas\/","og_locale":"es_ES","og_type":"article","og_title":"Banderolas &#171; Creativos by Hand Choys","og_description":"Las banderolas tienen muchas funciones, claramente una de ellas es llamar la atenci\u00f3n de tu p\u00fablico, podr\u00e1s mostrar en exteriores, el viento ser\u00e1 tu aliado.","og_url":"https:\/\/creativosbyhand.com\/index.php\/banderolas\/","og_site_name":"Creativos by Hand Choys","article_publisher":"https:\/\/www.facebook.com\/Creativosbyhand","article_modified_time":"2020-04-28T05:40:12+00:00","twitter_card":"summary_large_image","schema":{"@context":"https:\/\/schema.org","@graph":[{"@type":"WebPage","@id":"https:\/\/creativosbyhand.com\/index.php\/banderolas\/","url":"https:\/\/creativosbyhand.com\/index.php\/banderolas\/","name":"Banderolas &#171; Creativos by Hand Choys","isPartOf":{"@id":"https:\/\/creativosbyhand.com\/#website"},"datePublished":"2020-04-27T19:47:14+00:00","dateModified":"2020-04-28T05:40:12+00:00","description":"Las banderolas tienen muchas funciones, claramente una de ellas es llamar la atenci\u00f3n de tu p\u00fablico, podr\u00e1s mostrar en exteriores, el viento ser\u00e1 tu aliado.","breadcrumb":{"@id":"https:\/\/creativosbyhand.com\/index.php\/banderolas\/#breadcrumb"},"inLanguage":"es","potentialAction":[{"@type":"ReadAction","target":["https:\/\/creativosbyhand.com\/index.php\/banderolas\/"]}]},{"@type":"BreadcrumbList","@id":"https:\/\/creativosbyhand.com\/index.php\/banderolas\/#breadcrumb","itemListElement":[{"@type":"ListItem","position":1,"name":"Portada","item":"https:\/\/creativosbyhand.com\/"},{"@type":"ListItem","position":2,"name":"Banderolas"}]},{"@type":"WebSite","@id":"https:\/\/creativosbyhand.com\/#website","url":"https:\/\/creativosbyhand.com\/","name":"Creativos by hand choys","description":"Creativos by hand choys - Todo en publicidad","potentialAction":[{"@type":"SearchAction","target":{"@type":"EntryPoint","urlTemplate":"https:\/\/creativosbyhand.com\/?s={search_term_string}"},"query-input":"required name=search_term_string"}],"inLanguage":"es"}]}},"_links":{"self":[{"href":"https:\/\/creativosbyhand.com\/index.php\/wp-json\/wp\/v2\/pages\/478"}],"collection":[{"href":"https:\/\/creativosbyhand.com\/index.php\/wp-json\/wp\/v2\/pages"}],"about":[{"href":"https:\/\/creativosbyhand.com\/index.php\/wp-json\/wp\/v2\/types\/page"}],"author":[{"embeddable":true,"href":"https:\/\/creativosbyhand.com\/index.php\/wp-json\/wp\/v2\/users\/1"}],"replies":[{"embeddable":true,"href":"https:\/\/creativosbyhand.com\/index.php\/wp-json\/wp\/v2\/comments?post=478"}],"version-history":[{"count":3,"href":"https:\/\/creativosbyhand.com\/index.php\/wp-json\/wp\/v2\/pages\/478\/revisions"}],"predecessor-version":[{"id":579,"href":"https:\/\/creativosbyhand.com\/index.php\/wp-json\/wp\/v2\/pages\/478\/revisions\/579"}],"wp:attachment":[{"href":"https:\/\/creativosbyhand.com\/index.php\/wp-json\/wp\/v2\/media?parent=478"}],"curies":[{"name":"wp","href":"https:\/\/api.w.org\/{rel}","templated":true}]}}